26*g + 164. Let x be n(11). What is p(x)?
-6
Let o(x) = -x**2 + 8. Suppose 194*w - k = 194*w, 0 = -2*w + 5*k. What is o(w)?
8
Let i(s) = -5*s**2 + 16*s - 40. Let a(z) = 7 + 19 + 1414*z**2 - 11*z - 1411*z**2. Let y(h) = -8*a(h) - 5*i(h). Give y(-8).
-8
Let m(k) = k**2 - k - 39. Let u be m(7). Let c be 1*-1*(0/u - -1). Let a(p) = p + 1. Let h(w) = 4*w + 5. Let x(f) = -11*a(f) + 2*h(f). Determine x(c).
2
Let s(x) = -x**2 + 6*x + 15. Let g be ((-21)/(-154)*11)/(245/40 - 6). Calculate s(g).
-57
Suppose -9*t = -7*t - 3*v, 3*v = -5*t. Let p(a) = 10*a**2 + 2*a + 4. What is p(t)?
4
Let c(y) be the third derivative of y**6/120 - 3*y**5/20 + y**4/24 + 7*y**3/6 - 57*y**2. Let k be ((-27)/24*2)/((-65)/260). Calculate c(k).
16
Let y(l) = -5*l**2 + 101*l - 116. Let q be y(19). Let k(r) = -15*r - 9. Give k(q).
21
Suppose 0 = 4*h + 2*t - 16, 7*h - 5*t + 1 = 4*h. Suppose -h*n - 3*d = -6, -5*n + 3*d = d - 10. Let x(a) = a + 0 - 2 + n. Determine x(-2).
-2
Let j = -9 - -19. Suppose j*u - 4 = 11*u. Let n(y) = y**3 + 2*y**2 - y - 1. Let x(v) = -4*v**3 - 8*v**2 - v. Let p(a) = -5*n(a) - x(a). Calculate p(u).
13
Let z(s) be the second derivative of -s**4/12 + 7*s**3/6 - 7*s**2/2 + 1890*s. Calculate z(8).
-15
Let u(x) = x**2 + 14*x + 45. Let y be (-8 + -10)/(9/6) - (-3 + -2). Give u(y).
-4
Let j(y) = 2*y + 4. Let b = 245 - 241. Suppose -32 = 3*a + 5*l, -b*a - 36 = a + 4*l. Calculate j(a).
-4
Let t(x) = -2*x + 4*x - 540 + 614. Determine t(-32).
10
Let o(l) = -l**2 - 4. Let g be o(0). Let m(w) be the third derivative of w**6/120 + w**5/12 + w**4/6 + 2*w**3/3 - 3820*w**2. Determine m(g).
4
Let b(g) = 5*g - 116. Let h = 2480 - 2457. Give b(h).
-1
Let h(d) = -d + 6. Suppose 0 = 5*a + 5*n - 15, 2*a - 15 = -a - 5*n. Suppose -4*k - 68 = 3*w - 5*w, a = -4*k + 3*w - 68. Let s be 6/(-12) - k/2. Determine h(s).
-2
Let n(v) = -v**3 - v**2 + 3*v - 2. Let u be 504/10 - (-8)/(-20). Let i = 78 - u. Let b = 25 - i. What is n(b)?
7
Let s(l) = 17*l**3 - 4*l**2 - 6*l - 1. Let t(g) = -12*g**3 + 4*g**2 + 5*g. Let a(r) = 3*s(r) + 4*t(r). Determine a(-3).
-54
Let u(s) be the third derivative of s**6/120 - s**5/12 + s**4/8 + 2*s**3/3 + s**2. Let f be (-12)/6*((-53 - 0) + 4). Suppose 0 = -11*b - f + 142. Give u(b).
0
Let z(y) = 2*y**2 - 30*y + 15. Let a be z(13). Let t = 33 + a. Let o(n) be the third derivative of n**4/8 + 5*n**3/6 + n**2. Give o(t).
-7
Let g(y) = 52*y - 80. Let o(x) = 102*x - 127. Let q(p) = 11*g(p) - 6*o(p). Give q(-3).
2
Let z be (-7)/5 - -1 - (-7956)/90. Let f(y) = 6 - 99*y + 2*y**2 + 0 + z*y. What is f(7)?
27
Let x(q) = 3*q**2 + 2*q + 1. Let o be x(-1). Let i(p) = -p + p**3 + 4 + 7*p**o + p + p + 0*p**2. Suppose 21*l = -0 - 147. What is i(l)?
-3
Let z(w) be the second derivative of -w**4/4 - 2*w**3/3 + w**2/2 + 912*w. Give z(-3).
-14
Let s(i) = 73*i**2 + 5*i + 3. Let f(o) = -50*o**2 - 4*o - 2. Let g(d) = 3*f(d) + 2*s(d). Calculate g(-5).
-90
Let k(o) be the second derivative of o**5/20 + o**4/3 - o**3/6 - 5*o**2/2 + 426*o + 3. Calculate k(-5).
-25
Let s(k) = -k + 2. Suppose 4*u + 120 = 9*u - 5*a, 0 = -2*a + 8. Let j = u + -21. Determine s(j).
-5
Let j be ((-4)/(-10))/(1/5). Let f(c) = -c**2 - 10*c - 17. Let p be f(-8). Let d be (5 - (1 + j)) + p. Let o(a) = -10*a + 1. Give o(d).
-9
Let c(g) = g**2 + 7*g - 3. Suppose 32*k + 6 = 262. Let x be -1 + 2 + -1 + (-64)/k. Calculate c(x).
5
Suppose 5*u + 3 = -s - 0, -4*u = 5*s - 6. Let h(n) = -s + 630*n - 1 - 634*n + 4. Determine h(4).
-15
Let g(i) = -i**2 - 3*i + 51. Let o(c) = 42*c + 252. Let l be o(-6). What is g(l)?
51
Let l(v) = v - 1. Let a(p) = 83*p**2 - p - 2. Let i be a(-1). Let s = -135 + i. Let q = s + 56. Calculate l(q).
2
Let s(j) = 4*j**3 + 13*j + 1. Let a(o) = -4*o**3 - o**2 - 16*o - 1. Let m(r) = 3*a(r) + 4*s(r). Calculate m(2).
29
Let m(w) = -2*w**3 - w**2 - 3*w + 1. Let h(k) = -13*k**3 + 11*k**2 - 50*k - 6. Let z(y) = -h(y) + 6*m(y). Determine z(14).
-128
Suppose 30 = k + 15. Suppose -75*o = -78*o - k. Let q(d) = -d - 1. Determine q(o).
4
Suppose 42*o = 46*o - 5*n + 62, 3*o + 45 = 3*n. Let a(u) be the second derivative of -u**5/20 - 7*u**4/6 - 13*u**3/6 + 3*u**2/2 + 17*u. Determine a(o).
3
Let f(u) = -460*u + 2770. Let j be f(6). Let k(d) = -d**3 + 8*d**2 + 21*d - 8. What is k(j)?
2
Let u(a) = -a**2 + 22 - 9 + 13399*a - 13405*a. Determine u(-10).
-27
Let v(u) = -30 - 2 - 4*u + 19 + 11*u - 6*u. Give v(-1).
-14
Suppose 5*o = o + 8. Suppose -3*b - o*b - 30 = 0. Let n(s) = -5808*s + 1 + 2901*s + 2906*s. Determine n(b).
7
Suppose -51 = -21*b + 54. Let m(s) = -s**3 + 3*s**2 + 7*s - 6. Calculate m(b).
-21
Let v(z) = -3*z - 134. Let d(c) = -3*c - 105. Let h(j) = -4*d(j) + 3*v(j). What is h(-4)?
6
Let y be ((-1)/2)/(2/4). Let l be 18/27*(y + 4). Let u(d) = -3 + d**3 - 9*d + 6*d + 4*d - l*d**2 - 1. What is u(3)?
8
Suppose 5*x - k = 7 - 0, -x = -2*k - 5. Let w be 350/4*(-8)/(-10). Let s(c) = 70 + c**2 - 7*c**3 - w. Determine s(x).
-6
Let z be -1 + (0 - 5) + (-13 - -15). Let t(f) = -f**2 + 5. What is t(z)?
-11
Suppose -32*j = -3*z - 33*j - 45, -22 = z - 2*j. Let q(l) = -7*l - 109. Calculate q(z).
3
Let s be ((-14)/4 - -2)*10/(-3). Suppose -s*r + 2*r - 3*y = -15, 2*r - 22 = 2*y. Let o(z) = -z**2 + 8*z - 9. Determine o(r).
-9
Suppose -3*z + 7 = -10*z. Let l(j) = -21*j - 2. Let w(d) = 10*d + 1. Let p(r) = -3*l(r) - 7*w(r). Calculate p(z).
6
Let b(m) be the third derivative of 1/120*m**6 + 0*m**4 + 5/6*m**3 - 91 + m**2 + 0*m + 7/60*m**5. Suppose 2*u - 2*k + 18 = 0, -2*u = -3*u - k - 5. What is b(u)?
5
Let h = -8833 + 8825. Let j(f) = -f**2 - 7*f - 9. Determine j(h).
-17
Let p(d) = 2*d**2 - 16*d - 4. Let i(f) = f**3 - 14*f**2 + 18*f - 13. Let t be i(12). Let v = t - -93. Let w be p(v). Let l(x) = x**2 - x - 4. Determine l(w).
16
Let l = 28 - 27. Suppose -15 = -6*b + b. Suppose b*m + l + 20 = 0. Let x(c) = -c**2 - 5*c + 3. Determine x(m).
-11
Let u(a) be the third derivative of -a**5/40 + a**4/3 + 14*a**3 + 54*a**2. Let y(z) be the first derivative of u(z). Give y(6).
-10
Let q(y) be the third derivative of 7*y**4/12 + y**2. Let t be ((-3807)/94)/27*2/3. Give q(t).
-14
Let k(n) = 11*n - 8 - 4 - 132*n**2 + 6 + 131*n**2 + 4 + 6. Let v(p) = p**3 - 7*p**2 + 9*p - 8. Let r be v(6). Give k(r).
14
Let r = 187 + -173. Let s(x) = 47*x + x**2 - 47*x + 17 + r. Determine s(0).
31
Suppose 2*w + 13 + 7 = 0. Let c be 68/(-119) - (-18)/7. Let i(z) = z**3 + 2 - 10*z + 13 + 0 - 6 - 9*z**2 + 18*z**c. Give i(w).
9
Suppose 3*a = -4*a + 14*a. Suppose 3*l + 4*x = 6, a = 2*l - 0*l + 5*x - 4. Let i(t) be the first derivative of 3*t**2/2 - t + 1. Calculate i(l).
5
Let c(b) = -6*b + 18. Let o be ((-2430)/36)/27*-2. Calculate c(o).
-12
Let y(x) be the third derivative of 13*x**6/120 + x**4/12 + x**3/6 + 2*x**2 - 668*x. Give y(2).
109
Let q be (-1)/(((-4)/(-2))/16). Let w(b) = 15*b**2 - 16*b - 86. Let s(v) = -2*v**2 + v + 10. Let l(f) = 8*s(f) + w(f). Give l(q).
-6
Let k(j) be the first derivative of -j**3/3 + 11*j**2 - 21*j - 1440. Determine k(18).
51
Let t be 6*2 + 103 + -116. Let o(g) = -9*g**2 + g. What is o(t)?
-10
Let b(u) = -44*u**2 - 6*u + 27 - 45*u**2 - 7*u - 38*u**2 + 126*u**2. Calculate b(-18).
-63
Let c(h) = 9*h + 79. Let k be c(-8). Let l(n) = 20*n**2 - 23*n + 19. Let f(a) = 9*a**2 - 11*a + 9. Let u(d) = -9*f(d) + 4*l(d). Give u(k).
-5
Let q(k) = 49*k + 3651 + 5*k - 10*k + 2*k**2 - 3613. Determine q(-21).
-4
Let f(p) = -29*p**3 + 2*p**2 - 1. Suppose -43*m + 42*m = -2*n + 827, -4*m = -5*n + 2063. Let g = n - 416. Determine f(g).
30
Suppose 2*c = 7*c + 3*m + 621, -9 = -3*m. Suppose -155*i = -154*i - 6. Let k be (2/i)/(21/c). Let w(p) = p**3 + p**2 - 3*p - 2. Give w(k).
0
Let f(v) = -v**2 + 3*v - 5. Suppose u = -2*u. Let q be (u - -19) + (-15)/((-10)/(-2)). Suppose -3*y - q = -7*y. Determine f(y).
-9
Let v(o) be the second derivative of -o**4/12 + 37*o**3/6 + 59*o**2/2 + 14089*o. Determine v(39).
-19
Suppose 11*b - 13*b + 4*w - 16 = 0, 0 = 5*b + 5*w + 55. Let z(o) = -4*o - 32. What is z(b)?
8
Let h(j) = j**3 - 8*j**2 - 11*j - 2. Let o be 2/(13/((-1404)/(-24))). Calculate h(o).
-20
Let y(w) = w**2 - 3*w - 13. Let h be y(-5). Suppose -t - 2*t + 2*d = -28, 3*t - 3*d - h = 0. Let c(x) = -x + 7. Give c(t).
-3
Suppose -293 = -159*p + 661. Let m(u) = u**2 - 3*u - 25. Give m(p).
-7
Let o(s) = s**3 + 4*s**2 - 3*s - 6. Suppose 2*w = -4*k - 22, 2*k - w = -7 